pose c = 2*i + 1998 + 7225, 4*c - i - 36892 = 0. Suppose 12*y - 7697 - c = 0. What is the units digit of y?
0
Suppose 0*v + 4*v - 3976 = 0. Suppose -35 = -t + v. What is the thousands digit of t?
1
Suppose i = -2*n + 28670, 27027 + 30321 = 4*n - 2*i. Suppose -837*o + 845*o = n. What is the units digit of o?
2
Suppose 5968 = -4*i + 32900. What is the thousands digit of i?
6
Let i be 6/(-4)*32/24. What is the tens digit of (4/12)/(i/(-138))?
2
Suppose 4*v - v - 3*h = 33, -4*h + 26 = 3*v. Let a be (20/4)/v*1*8. Suppose -f - 4*s + 17 = s, 0 = a*f + 2*s - 158. What is the tens digit of f?
4
Let o be 25 + -29 - -2*2. Let z(i) = i**3 + 16. Let g be z(o). Suppose -60 = -17*k + g*k. What is the tens digit of k?
6
Suppose 14*q - 8*q - 5598 = 0. Suppose -8*r + q = -1443. What is the tens digit of r?
9
Let t be -14 - ((-4)/(-4) + 0). Let k be (-1)/(t/(-6)) + 258/(-5). Let z = k - -169. What is the hundreds digit of z?
1
What is the ten thousands digit of (-2)/(-7) - ((-664360119)/119)/59?
9
Suppose 5*m = 0, 3*o + 5*m = 4*o - 16. Suppose -32*v - 3*v = -105. What is the tens digit of v + (-36)/o + (-481)/(-4)?
2
Let t(n) = -2*n**2 - 51*n - 18. Let u be t(-25). What is the hundreds digit of 52*u/4*14?
2
Let v = -10 + 13. Let t = -728 - -732. Suppose -2*l = t*m - 268, 7*l = 3*m + v*l - 223. What is the tens digit of m?
6
Suppose n + 402 = 3*n. Let i = -96 + n. What is the tens digit of i?
0
Suppose 0 = 4*l + z + 1735, 7*l - 9*l + 2*z = 870. Let f = -581 + 1233. Let j = f + l. What is the tens digit of j?
1
Let x = 69 - 66. Suppose -38*k = -x*w - 43*k + 3221, -3*k = -w + 1097. What is the thousands digit of w?
1
Let c(d) = 91*d**2 - 64*d + 994. What is the units digit of c(16)?
6
Suppose -t - 2*t + 9 = 0. Suppose -2*l + 334 = t*s - s, -4*l = -3*s - 682. What is the tens digit of l?
6
Let c(o) = o**3 - 15*o**2 + 29*o - 31. Let x be c(13). Suppose x + 4 = 6*u. Suppose 3*y - 329 = -2*r, u*y = -5*r + y + 855. What is the tens digit of r?
7
Suppose -6*h - 8*h + 770 = 0. Let b be (h/33)/((-2)/6). What is the hundreds digit of -2 - (0 - 268) - (b + 7)?
2
Let s(i) = i + 13. Let m(f) = 2*f + 14. Let t(z) = 7*m(z) - 6*s(z). Let k(h) = 2*h + 1. Let l be k(3). What is the tens digit of t(l)?
7
Let i be 21/((-9)/48 - (-15 - -15)). What is the tens digit of i/18 + 6 - 13457/(-9)?
9
Let u = -43 + 45. Let k be 12/(-15)*(u - (-507)/(-6)). Suppose 0 = -4*g - 2*a + 334, -a = -g - 5*a + k. What is the tens digit of g?
8
Let c(s) = -65 + 93*s - 49*s - 52*s. Let h(w) = -1. Let q(i) = c(i) - 4*h(i). What is the hundreds digit of q(-23)?
1
Suppose -22*l + 216827 - 84805 = 0. What is the units digit of l?
1
Let p be 4/3*((-1)/(-1) - -2). Suppose -p*c + 13 = -19. Let r(t) = 11*t + 34. What is the tens digit of r(c)?
2
Let z(l) = -7*l + 44. Suppose -5 - 1 = -o. Let k be (21/9)/(o/(-18)). What is the units digit of z(k)?
3
Let i = -4755 + 11087. What is the thousands digit of i?
6
Suppose -3*h + 4*t - 1026 = 2*t, 2*t - 1370 = 4*h. Let a = -108 - h. What is the units digit of a?
6
Let l be 4*(-4)/(-32)*16. Let m = l - 0. Suppose 9*i - 30 = m*i. What is the units digit of i?
0
Suppose 3 = -3*n, 6*c + 2*n - 12 = 5*c. Suppose -17*u + c*u = -546. What is the units digit of u?
2
Suppose 217*p - 4767337 + 742855 = 0. What is the hundreds digit of p?
5
Let z(o) = 2*o**3 - 13*o**2 - 110*o + 1373. What is the tens digit of z(15)?
4
What is the hundreds digit of (16054 - (-15 + -1)) + 8?
0
Let b = 59 - 56. Suppose b*t - 3*y + 4*y = 24, -3*y + 40 = 5*t. Suppose -6*v - t + 386 = 0. What is the units digit of v?
3
Suppose 680 = 5*w - 4*j - 23, 4*w = -5*j + 587. Suppose 5*d - 5 = -0, k - 4*d = 0. Suppose -136 = -k*i + 2*n, -3*i + 2*n + w = 40. What is the units digit of i?
3
Let s(n) = 2*n + 20. Suppose -5*b - 3 = 3*g + 16, -2 = -2*b. Let m be s(g). Suppose 3*y - 465 = -4*k + 2*k, -2*y = m*k - 918. What is the tens digit of k?
2
Let s be 7 + 9/((-6)/2). Suppose 17*q - 10608 = s*q. What is the tens digit of q?
1
Let b(w) = 560*w + 12014. What is the tens digit of b(38)?
9
Suppose 20 = -21*q + 272. What is the tens digit of 54/6 - q - -978?
7
Let w = -27535 - -47406. What is the hundreds digit of w?
8
Let z be -3 + (-633 + 3)/(-2). Suppose 28 = 4*a - z. Suppose a = 2*w - 5*q, -4 = 3*w + 4*q - 74. What is the tens digit of w?
3
Let r = 26525 - 5147. What is the hundreds digit of r?
3
Suppose 4*i - 2*a - 22734 = 0, 5*a - 24575 = -5*i + 3820. Suppose -5*j + 4*m + i = 0, -6*j - 1140 = -7*j + 2*m. What is the tens digit of j?
3
Suppose 12 - 20 = -4*g. What is the units digit of g/(-5) + (-6634)/(-10)*1?
3
What is the units digit of (-146440)/28*((-22)/(-10) + -3)?
4
Suppose 4*r + 298 - 78 = 0. Let p = r - -59. Suppose 0 = 2*f + p*u - 184, -5*f = u - 65 - 359. What is the tens digit of f?
8
Suppose 95*l - 322980 = 60*l. What is the units digit of l?
8
Let o be (5*(-7)/(-105))/((-2)/(-6)). What is the units digit of (20/30)/(o/183)?
2
Suppose 5*v + 0*m = -3*m + 28, -3*v - m = -16. Let j be (-480)/35 - (-2)/(-7). Let n = v - j. What is the units digit of n?
9
Let a(i) = 6*i**2 - 22*i + 10. Let u be a(7). Suppose u*f = 153*f - 369. What is the tens digit of f?
2
Suppose 0 = z + 2*o - 39, -2*o + 195 = 5*z - o. What is the tens digit of z/390 + 13139/10?
1
Suppose 6*n - 10 = n. Let p be 4*3*n/8. Suppose -s - 172 = -p*s. What is the units digit of s?
6
Let w(v) = 15*v - 1. Suppose 0 = 4*c - m + 1, -4*m - 13 = -3*c - 4. Let q be w(c). Let s(d) = -5*d - 37. What is the units digit of s(q)?
3
Let a be (-153)/21 - -2*(-3)/(-21). What is the hundreds digit of ((-720)/a)/((-15)/(-70))?
4
Let p = -19574 + 69072. What is the ten thousands digit of p?
4
Let r(h) be the third derivative of -9*h**2 + 7/24*h**4 + 0 - 1/2*h**3 + 0*h. What is the units digit of r(1)?
4
Suppose 4*k + 2 - 10 = 0. Suppose 3*b - 37 = -5*i, -k*i = -6*i + b + 16. Suppose 0 = 4*g + i*g - 216. What is the units digit of g?
4
Let m = -19676 + 29799. What is the thousands digit of m?
0
Suppose -15*g + 127*g - 3990910 = 2*g. What is the units digit of g?
1
Let h be ((-6)/(-9))/((-4)/534). Let g = h - -94. Suppose 2*w + 2*d - 76 = 0, g*w - 4*d = 3*w + 76. What is the units digit of w?
8
Let z(x) = 5*x**3 - 2*x**2 - 15*x + 63. What is the hundreds digit of z(14)?
1
Suppose 5*y - 1883 = x + 1165, -5*y + 3044 = -3*x. Suppose s + 1214 = 4*k - s, -2*k + y = -4*s. What is the hundreds digit of k/(2 - -1) - (-6 - -2)?
1
Let c(z) = -214*z**3 - z**2 - 13*z + 13. What is the units digit of c(-5)?
3
Let k(l) = 7*l**3 - 81*l**2 + 13*l + 9. Let g(w) = -w**3 + 4*w**2 + w + 1. Let f(s) = -4*g(s) - k(s). What is the tens digit of f(21)?
1
Let l(f) = 22*f + 131 - 41 - 50 + 5*f**2 - 46. What is the units digit of l(-6)?
2
Suppose -4*i - 5190 = -j, 33*j - 31*j + 2*i = 10400. What is the thousands digit of j?
5
Let h(g) = -g**3 + 20*g**2 - 18*g - 44. What is the units digit of h(18)?
0
Let t be ((-4060)/21)/(-10) - 4/(-6). What is the tens digit of 5/(t/12)*67 + 4?
0
Let r be ((-2)/(-5))/(56/(-20) + 3). Let m(n) = n**r + 17*n + 46 + 44 - 18*n. What is the units digit of m(0)?
0
Let l = 77472 - 42430. What is the units digit of l?
2
Let d be 5/(-8)*6 + 62/(-248). What is the hundreds digit of (-2374)/(-4) + 6/d?
5
Let l be (-38)/19 - 14/1. What is the units digit of (-3160)/l*(-6)/(-15)?
9
Let x(t) be the second derivative of 2*t**3/3 - 13*t**2/2 + 6*t - 2. Let h(g) = -3*g - 3. Let w be h(-4). What is the units digit of x(w)?
3
Suppose 22 = -0*d - 2*d + 4*z, -3*d - 5*z = -11. Let b be 1 + (-4)/d*-3. Let a(i) = -2*i**3 + 5*i**2 + 8*i + 5. What is the units digit of a(b)?
0
Suppose 0*k + 5*k = -3*r + 206, 4*k + 8 = 0. Suppose 3*m + r = -30. Let d = 76 + m. What is the tens digit of d?
4
Suppose -15*j + 13*j = 48*j - 121250. What is the hundreds digit of j?
4
Suppose -2632 = -19*u + 1852. Suppose -4*m + 11 = 5*h - 627, -4*h + 510 = 3*m. Let r = u - h. What is the tens digit of r?
1
Let p(i) = 13 + i**2 + 11 + 11 + i - 39 - 19*i**3. Let l be p(3). Let a = l - -763. What is the hundreds digit of a?
2
Let c = 1447 - -35920. What is the units digit of c?
7
Let n = 14 - 7. Suppose n*q - 5 = 2. What is the tens digit of 1 + q/2*34?
1
Let s(t) = 12861*t - 972. What is the hundreds digit of s(2)?
7
Suppose 363*h - 367*h + 5*m + 37143 = 0, -3*m - 37137 = -4*h. What is the units digit o